e hundred thousands digit of 14012150?
0
What is the hundred thousands digit of 2340360?
3
What is the tens digit of 113867?
6
What is the thousands digit of 481471?
1
What is the hundred thousands digit of 890484?
8
What is the ten thousands digit of 41464?
4
What is the hundreds digit of 99507?
5
What is the units digit of 15095640?
0
What is the hundreds digit of 893825?
8
What is the ten thousands digit of 36777?
3
What is the hundred thousands digit of 248791?
2
What is the thousands digit of 2477380?
7
What is the thousands digit of 2053647?
3
What is the thousands digit of 1534448?
4
What is the units digit of 37148?
8
What is the units digit of 17039576?
6
What is the thousands digit of 389830?
9
What is the hundred thousands digit of 2214334?
2
What is the thousands digit of 1582394?
2
What is the thousands digit of 1476893?
6
What is the units digit of 926266?
6
What is the units digit of 136361?
1
What is the hundred thousands digit of 4802520?
8
What is the ten thousands digit of 5370992?
7
What is the hundreds digit of 638571?
5
What is the hundred thousands digit of 517193?
5
What is the hundreds digit of 1453847?
8
What is the ten thousands digit of 7579455?
7
What is the hundreds digit of 456093?
0
What is the hundreds digit of 1114651?
6
What is the ten thousands digit of 21655?
2
What is the thousands digit of 18124473?
4
What is the units digit of 43345?
5
What is the ten thousands digit of 161094?
6
What is the units digit of 8717351?
1
What is the units digit of 2284569?
9
What is the hundreds digit of 520788?
7
What is the ten thousands digit of 96645?
9
What is the thousands digit of 9144?
9
What is the thousands digit of 12109402?
9
What is the thousands digit of 1763836?
3
What is the tens digit of 1831251?
5
What is the hundred thousands digit of 8542455?
5
What is the millions digit of 1133799?
1
What is the thousands digit of 249391?
9
What is the hundred thousands digit of 135223?
1
What is the tens digit of 62505?
0
What is the units digit of 242399?
9
What is the hundreds digit of 21262296?
2
What is the hundred thousands digit of 599913?
5
What is the hundreds digit of 144487?
4
What is the ten thousands digit of 1060946?
6
What is the millions digit of 7669788?
7
What is the tens digit of 1290505?
0
What is the tens digit of 154857?
5
What is the millions digit of 5481765?
5
What is the ten thousands digit of 1047642?
4
What is the hundreds digit of 3051480?
4
What is the ten thousands digit of 675641?
7
What is the ten millions digit of 21298258?
2
What is the hundred thousands digit of 617165?
6
What is the ten thousands digit of 708222?
0
What is the ten thousands digit of 1804711?
0
What is the thousands digit of 81661?
1
What is the ten thousands digit of 1448375?
4
What is the tens digit of 1149228?
2
What is the hundreds digit of 218016?
0
What is the millions digit of 21279414?
1
What is the units digit of 431571?
1
What is the thousands digit of 1612147?
2
What is the hundreds digit of 72325?
3
What is the millions digit of 2249656?
2
What is the units digit of 113784?
4
What is the hundred thousands digit of 451642?
4
What is the tens digit of 205367?
6
What is the tens digit of 742860?
6
What is the thousands digit of 854580?
4
What is the hundreds digit of 19895988?
9
What is the millions digit of 2065616?
2
What is the units digit of 2834709?
9
What is the thousands digit of 18215495?
5
What is the units digit of 3406278?
8
What is the hundreds digit of 4825733?
7
What is the hundred thousands digit of 20498310?
4
What is the thousands digit of 1861467?
1
What is the tens digit of 560332?
3
What is the units digit of 47061?
1
What is the tens digit of 590163?
6
What is the ten millions digit of 21300457?
2
What is the units digit of 385367?
7
What is the units digit of 649770?
0
What is the thousands digit of 179011?
9
What is the tens digit of 478665?
6
What is the ten millions digit of 21955560?
2
What is the hundreds digit of 2245675?
6
What is the millions digit of 17136177?
7
What is the ten thousands digit of 1393871?
9
What is the tens digit of 1924251?
5
What is the ten thousands digit of 13371243?
7
What is the ten thousands digit of 51815?
5
What is the tens digit of 248339?
3
What is the tens digit of 3742560?
6
What is the hundreds digit of 22672819?
8
What is the tens digit of 13773565?
6
What is the units digit of 861433?
3
What is the ten thousands digit of 107271?
0
What is the thousands digit of 4096816?
6
What is the thousands digit of 102180?
2
What is the thousands digit of 252594?
2
What is the hundred thousands digit of 1859306?
8
What is the hundred thousands digit of 1216802?
2
What is the hundred thousands digit of 1331424?
3
What is the thousands digit of 214996?
4
What is the millions digit of 43933658?
3
What is the ten thousands digit of 13137239?
3
What is the millions digit of 3874659?
3
What is the thousands digit of 381798?
1
What is the hundred thousands digit of 846755?
8
What is the hundred thousands digit of 7919269?
9
What is the ten thousands digit of 33845957?
4
What is the millions digit of 2258910?
2
What is the hundreds digit of 1316739?
7
What is the hundred thousands digit of 27239611?
2
What is the tens digit of 5629846?
4
What is the tens digit of 24956314?
1
What is the hundred thousands digit of 1743486?
7
What is the ten millions digit of 12607277?
1
What is the hundreds digit of 710342?
3
What is the hundred thousands digit of 2471581?
4
What is the hundreds digit of 1708947?
9
What is the hundreds digit of 81703?
7
What is the units digit of 1348827?
7
What is the thousands digit of 974831?
4
What is the thousands digit of 629351?
9
What is the ten thousands digit of 984639?
8
What is the tens digit of 149082?
8
What is the thousands digit of 401667?
1
What is the hundred thousands digit of 36038752?
0
What is the ten thousands digit of 114023?
1
What is the ten thousands digit of 250748?
5
What is the thousands digit of 890162?
0
What is the units digit of 8416852?
2
What is the millions digit of 2058904?
2
What is the hundred thousands digit of 19145998?
1
What is the thousands digit of 4022321?
2
What is the ten thousands digit of 14097035?
9
What is the ten thousands digit of 897949?
9
What is the thousands digit of 25174299?
4
What is the ten thousands digit of 586355?
8
What is the ten thousands digit of 1912105?
1
What is the ten thousands digit of 277345?
7
What is the tens digit of 608?
0
What is the units digit of 946638?
8
What is the units digit of 357996?
6
What is the units digit of 860249?
9
What is the tens digit of 62237?
3
What is the ten thousands digit of 1243820?
4
What is the thousands digit of 8464309?
4
What is the hundred thousands digit of 2757486?
7
What is the millions digit of 4471443?
4
What is the ten thousands digit of 11753597?
5
What is the tens digit of 4877607?
0
What is the units digit of 7545535?
5
What is the ten millions digit of 18422705?
1
What is the tens digit of 385810?
1
What is the tens digit of 10813365?
6
What is the ten thousands digit of 12760655?
6
What is the hundred thousands digit of 4389812?
3
What is the hundred thousands digit of 643092?
6
What is the units digit of 1186887?
7
What is the ten thousands digit of 9462859?
6
What is the millions digit of 2704559?
2
What is the ten thousands digit of 113339?
1
What is the hundred thousands digit of 1875100?
8
What is the units digit of 2881663?
3
What is the hundreds digit of 80758?
7
What is the hundred thousands digit of 15698398?
6
What is the tens digit of 153100?
0
What is the hundred thousands digit of 17004319?
0
What is the tens digit of 1844756?
5
What is the tens digit of 560943?
4
What is the hundred thousands digit of 117296?
1
What is the units digit of 592426?
6
What is the ten thousands digit of 3809746?
0
What is the hundred thousands digit of 2891692?
8
What is the millions digit of 2429211?
2
What is the tens digit of 511686?
8
What is the ten millions digit of 10344332?
1
What is the hundreds digit of 169036?
0
What is the tens digit of 125406?
0
What is the tens digit of 267883?
8
What is the hundred thousands digit of 1574401?
5
What is the millions digit of 4192418?
4
What is the hundred thousands digit of 2615881?
6
